s divided by 123?
90
Suppose -4*n - 79*u = -84*u - 3907, -n - 3*u = -981. What is the remainder when n is divided by 98?
96
Let z(w) = 2*w**2 + 53*w - 243. Let o = -125 - -206. Suppose o = -3*h + 291. What is the remainder when h is divided by z(-31)?
34
Let v(c) be the third derivative of -c**6/120 - c**5/6 - 3*c**4/8 + 8*c**3/3 + 8*c**2. What is the remainder when ((-48)/72)/((-2)/90) is divided by v(-9)?
14
Suppose 1244*l + 95906 = 1851*l. Calculate the remainder when l is divided by ((-2)/3)/((-2)/144).
14
Suppose -199*o + 110 = -194*o. Calculate the remainder when (-4)/(-18)*-3*-213 is divided by o.
10
Let m = -795 + 441. Let o = m - -390. Calculate the remainder when 178 is divided by o.
34
Suppose -3*k - 201 = -186. Calculate the remainder when (-121)/(-1) - 8/4 is divided by (-4 + 3 - 0)*(-20 - k).
14
Let a = -6128 - -6175. Calculate the remainder when 386 is divided by a.
10
Let f(k) = -85*k + 50. Let i be f(5). Let j = i - -463. Calculate the remainder when j is divided by 15.
13
Suppose 2*f - 180 = -3*o + 3*f, -3*f = -4*o + 235. Suppose -4*w = -3*x + 161, -2*x - 7*w + 104 = -8*w. What is the remainder when o is divided by x?
10
Let v = 1375 + -1363. What is the remainder when 1127 is divided by v?
11
Suppose -10*m = 7*m + 3893. Let w = m + 259. Suppose k = 4*p - 703, 0 = 2*p - k - 231 - 120. Calculate the remainder when p is divided by w.
26
Suppose 0 = -2*j - 2*j + 20. Suppose -w - 124158 + 122144 = -39*w. What is the remainder when w is divided by j?
3
Let k(a) = 20*a**3 - 6*a**2 + 17*a - 5. What is the remainder when k(2) is divided by 13?
9
Let j(o) = -o - 7. Let i be j(-11). Suppose -t = 3*t - i*z - 368, -t = -3*z - 98. Let x = 132 + -107. What is the remainder when t is divided by x?
14
Let f = 3437 - 3357. Calculate the remainder when 719 is divided by f.
79
Suppose -104*i + 12*i + 57753 = -11*i. What is the remainder when i is divided by 351?
11
Let f(u) = 12*u - 70. Calculate the remainder when 152 is divided by f(8).
22
Suppose -m + 27 = 2*g, -54 - 30 = -4*m - 2*g. Let i = -165 - -311. Suppose -4*v - 3*y = -i + 13, -2*v + y = -79. Calculate the remainder when v is divided by m.
18
Suppose 0*s + 1376 = 43*s. Calculate the remainder when 1278 is divided by s.
30
Let i be -1*(10/50 - 242/10). What is the remainder when 57*3*(-2)/(-6) is divided by (5/(100/i))/((-6)/(-100))?
17
Suppose 3*m - m = -5*y - 179, -10 = -2*y. Calculate the remainder when 117 is divided by (-34)/m - 71/(-3).
21
Let v(m) = m**2 - 57*m - 1229. What is the remainder when v(-27) is divided by 16?
15
Let h(y) = -34 + 24*y + 11*y - 17*y + 14. What is the remainder when h(3) is divided by 9?
7
Let c = 192 - 220. What is the remainder when 92*(-2 - 7/(-2)) is divided by ((-20)/(-7))/(108/c - -4)?
18
Calculate the remainder when 115 is divided by 82 - (-80)/10 - 1.
26
What is the remainder when 1215 is divided by ((-1224)/15)/((-12)/(-9) - 286/165)?
195
Suppose -5*f + 120 = r, -4*r = -2*f + 1795 - 1769. What is the remainder when 7369 is divided by f?
9
Suppose -3*j = -2*z - 152, j - 13 = 4*z + 21. Suppose 144*w = 138*w + j. Calculate the remainder when 222 is divided by w.
6
Let k(p) = p**3 - 5*p**2 - 30*p + 156. Let l be k(5). Let m = -40 + 20. Calculate the remainder when (-568)/m - l/(-10) is divided by 15.
14
Let j(m) = 46*m - 156 - 170 - m**3 - 8*m**2 + 306. What is the remainder when 1 - 2/(-4)*26 is divided by j(-12)?
2
What is the remainder when (1 - 0)*(-4)/((-12)/213) is divided by 50?
21
Let y(t) = t**2 + 15*t + 101. Let x be y(-10). Suppose -49*p + x*p = 944. What is the remainder when p is divided by 79?
77
Suppose -3*r + 8*r = 330. Suppose -2*x + r = -2. What is the remainder when 133 is divided by x?
31
Suppose -259 = -16*g + 269. Let y = -20 + 210. What is the remainder when y is divided by g?
25
Suppose -9 = -11*f + 35. Suppose -6 = -2*c - t, -5 = -2*c + f*t + 21. Calculate the remainder when 92 is divided by c.
2
Suppose 4*g + 3*c = 7683, -5*g + 4*c + 8754 = -811. Calculate the remainder when g is divided by 7.
6
Let o = -35 + 35. Suppose 8*d - 12*d = o. What is the remainder when 66 is divided by 24/(-30)*(d + -30)?
18
Let v(a) = -3 + 40*a + 18*a**2 + 6 + 11*a + 38*a + 19*a. What is the remainder when 5 is divided by v(-6)?
2
Let g(x) = -55*x - 922. What is the remainder when 125 is divided by g(-18)?
57
Suppose 3 - 23 = -5*c, -2*g - 4*c = -148. Suppose -12*h + 16*h = -z + g, 59 = 3*h - 4*z. What is the remainder when 64 is divided by h?
13
Let q(p) = p**3 + 5*p**2 - 10*p - 57. Let h be q(-4). What is the remainder when ((-12)/54)/(h/1179) is divided by 6?
4
Suppose -7*a + 78 = -4*a. Suppose -3*v + t = -195, a - 209 = -3*v - 3*t. What is the remainder when 509 is divided by v?
61
Suppose -19 = -110*o + 168 + 363. Calculate the remainder when 436 is divided by o.
1
Suppose d + 2 = 2*d - p, -5*p - 8 = -4*d. Suppose 3*q = -d*u + 7*u - 142, -2*q - 27 = -u. What is the remainder when 71 is divided by u?
13
Let y = 4262 - 4251. What is the remainder when 1920 is divided by y?
6
Suppose -485 = -3*s - 5*u, 4*s - 857 + 222 = -5*u. Calculate the remainder when 9298 is divided by s.
148
Suppose -976*l + 975*l = -72. Suppose 2*a + l = 5*a. Calculate the remainder when 263 is divided by a.
23
Let g = -8171 + 8218. Calculate the remainder when 1499 is divided by g.
42
Suppose m - 207 = 2*m + 4*i, -5 = -5*i. Suppose 4*g - 16 = 5*h - 144, -2*h = -2*g - 50. Calculate the remainder when 9/(m/(-414) - 8/18) is divided by h.
26
Suppose 29*y + 14*y = 3440. Calculate the remainder when 81 is divided by y.
1
Let o(b) be the second derivative of 11*b**3/3 - 86*b**2 - 137*b. What is the remainder when 76 is divided by o(9)?
24
Let q(f) = -f**2 - 49*f - 1. Suppose 0 = -3*c - 4*y - 53, 3*c - 3*y + 43 = -2*y. What is the remainder when q(c) is divided by 15?
14
Suppose -4*a - 9 - 7 = -4*k, 0 = 5*a + k + 32. Calculate the remainder when 2/2 + (3 - -80) is divided by 376/17 + a/51.
18
Let r(u) = u**2 - 12*u - 16. Let x(s) = -s**3 + s**2 - s - 3. Let k be x(3). What is the remainder when r(-5) is divided by (-440)/k - 2/6?
15
Let t = -8260 - -8277. What is the remainder when 812 is divided by t?
13
Suppose 0 = 3*q - 12*w - 222, 80*q - 3*w - 309 = 76*q. Calculate the remainder when q is divided by 51.
27
Let j(g) = -10*g - 190. Let r = 477 - 505. What is the remainder when j(r) is divided by 4?
2
Calculate the remainder when (-1)/(-2)*1730*56/35 is divided by 445.
49
Let s be (18/30)/(1/(-15)*1). Let y(x) = -x**3 - 15*x**2 + 15. Let a be y(-15). Calculate the remainder when (-2)/((10/a)/(69/s)) is divided by 13.
10
Let j = 6 + -4. Suppose -17*s + 13*s + 16 = 0. Suppose 0 = j*n - s*r - 72, 0*n + 4*r + 98 = 3*n. What is the remainder when 49 is divided by n?
23
Let x(o) = 45*o**3 + 2*o - 1. Let k be ((-4)/1 - -2)/(-1). Suppose 4*w = -c - 0*w + 8, -k*c = 5*w - 28. What is the remainder when x(1) is divided by c?
22
Suppose -4*p - 265 = y, -2*y - 2*p + 4*p - 510 = 0. Let u = -165 - y. Suppose -7*r + 6 = -u. Calculate the remainder when 34 is divided by r.
6
Suppose -5*u = -3*j + 200, 4*u - 12 = -2*j + 114. Let n be (18/5)/((-10)/(-325)). Suppose -40 = 7*o - n. What is the remainder when j is divided by o?
10
Suppose -46*h = -44*h - 93 + 27. Calculate the remainder when 2742 is divided by h.
3
Let d(h) be the second derivative of 4*h**3/3 - 21*h**2/2 + h. Suppose -80*z + 360 = -35*z. What is the remainder when d(z) is divided by 9?
7
Suppose 20*u + 6*u + 12*u - 98268 = 0. What is the remainder when u is divided by 15?
6
Let s be (-3)/(-2)*(-5 + 114/18). Suppose 5*x - 28 = 2*x + h, -s = 2*h. What is the remainder when 19 is divided by x/((-180)/8) + (-114)/(-10)?
8
Let m = -71 - -112. Let q = m - -45. Let u(v) = -5*v - 8. What is the remainder when q is divided by u(-6)?
20
What is the remainder when 1110 is divided by (-6 + 6/(-9))*-1*12?
70
Let p = -58 + 61. Suppose -358 = -19*s + p. What is the remainder when 94 is divided by s?
18
Suppose 4*c - 84 = -2*w, 4*c = -4*w - 0*c + 180. Suppose -w = -6*g + 2*g. Let s = -1168 - -1298. Calculate the remainder when s is divided by g.
10
Let k = 532 + -370. Let u = 177 - k. What is the remainder when 65 is divided by u?
5
Suppose -2615 = -5*b + 5*n, -n = 5*b - 1527 - 1112. Calculate the remainder when 4234 is divided by b.
18
Let 